47858.
2, 23929
What are the prime factors of 1069?
1069
What are the prime factors of 157?
157
What are the prime factors of 11554?
2, 53, 109
What are the prime factors of 861?
3, 7, 41
What are the prime factors of 81814?
2, 19, 2153
List the prime factors of 4640.
2, 5, 29
What are the prime factors of 351?
3, 13
List the prime factors of 307.
307
What are the prime factors of 18688?
2, 73
What are the prime factors of 11449?
107
List the prime factors of 3308.
2, 827
List the prime factors of 817.
19, 43
List the prime factors of 8431.
8431
What are the prime factors of 1964?
2, 491
What are the prime factors of 485?
5, 97
List the prime factors of 3776.
2, 59
What are the prime factors of 502?
2, 251
What are the prime factors of 183?
3, 61
What are the prime factors of 5434?
2, 11, 13, 19
List the prime factors of 480.
2, 3, 5
What are the prime factors of 18502?
2, 11, 29
List the prime factors of 16366.
2, 7, 167
List the prime factors of 13151.
13151
List the prime factors of 227.
227
What are the prime factors of 264?
2, 3, 11
List the prime factors of 1789.
1789
List the prime factors of 19925.
5, 797
What are the prime factors of 48610?
2, 5, 4861
List the prime factors of 5175.
3, 5, 23
What are the prime factors of 561?
3, 11, 17
List the prime factors of 637.
7, 13
What are the prime factors of 68297?
163, 419
What are the prime factors of 2302?
2, 1151
What are the prime factors of 19121?
19121
List the prime factors of 21426.
2, 3, 3571
What are the prime factors of 12056?
2, 11, 137
List the prime factors of 34286.
2, 7, 31, 79
What are the prime factors of 39541?
39541
What are the prime factors of 1082?
2, 541
List the prime factors of 172.
2, 43
List the prime factors of 1566.
2, 3, 29
List the prime factors of 855.
3, 5, 19
List the prime factors of 16491.
3, 23, 239
List the prime factors of 4071.
3, 23, 59
What are the prime factors of 2338?
2, 7, 167
List the prime factors of 1152.
2, 3
What are the prime factors of 7852?
2, 13, 151
List the prime factors of 1245.
3, 5, 83
List the prime factors of 11028.
2, 3, 919
What are the prime factors of 113805?
3, 5, 281
List the prime factors of 119370.
2, 3, 5, 23, 173
List the prime factors of 11376.
2, 3, 79
List the prime factors of 113343.
3, 37781
List the prime factors of 11372.
2, 2843
List the prime factors of 2342.
2, 1171
List the prime factors of 16418.
2, 8209
What are the prime factors of 7359?
3, 11, 223
What are the prime factors of 3477?
3, 19, 61
List the prime factors of 4845.
3, 5, 17, 19
List the prime factors of 86988.
2, 3, 11, 659
List the prime factors of 960.
2, 3, 5
What are the prime factors of 2499?
3, 7, 17
List the prime factors of 38263.
83, 461
List the prime factors of 11568.
2, 3, 241
What are the prime factors of 686?
2, 7
List the prime factors of 47990.
2, 5, 4799
List the prime factors of 2167.
11, 197
List the prime factors of 716.
2, 179
List the prime factors of 509.
509
What are the prime factors of 38150?
2, 5, 7, 109
List the prime factors of 216.
2, 3
List the prime factors of 21998.
2, 17, 647
List the prime factors of 7304.
2, 11, 83
List the prime factors of 133259.
7, 19037
List the prime factors of 2846.
2, 1423
List the prime factors of 43055.
5, 79, 109
What are the prime factors of 70974?
2, 3, 3943
List the prime factors of 1178.
2, 19, 31
What are the prime factors of 36782?
2, 53, 347
What are the prime factors of 17070?
2, 3, 5, 569
What are the prime factors of 10173?
3, 3391
What are the prime factors of 422?
2, 211
What are the prime factors of 125282?
2, 37, 1693
What are the prime factors of 3431?
47, 73
What are the prime factors of 9406?
2, 4703
List the prime factors of 1615.
5, 17, 19
What are the prime factors of 54727?
54727
What are the prime factors of 3362?
2, 41
List the prime factors of 2028.
2, 3, 13
List the prime factors of 87993.
3, 3259
What are the prime factors of 484?
2, 11
What are the prime factors of 61494?
2, 3, 37, 277
What are the prime factors of 1247?
29, 43
What are the prime factors of 1941?
3, 647
What are the prime factors of 125015?
5, 11, 2273
List the prime factors of 23748.
2, 3, 1979
List the prime factors of 59418.
2, 3, 3301
What are the prime factors of 59250?
2, 3, 5, 79
List the prime factors of 4365.
3, 5, 97
List the prime factors of 47330.
2, 5, 4733
What are the prime factors of 4359?
3, 1453
What are the prime factors of 723?
3, 241
List the prime factors of 77811.
3, 37, 701
What are the prime factors of 17978?
2, 89, 101
What are the prime factors of 12560?
2, 5, 157
List the prime factors of 28422.
2, 3, 1579
List the prime factors of 14553.
3, 7, 11
What are the prime factors of 27250?
2, 5, 109
List the prime factors of 2537.
43, 59
What are the prime factors of 2731?
2731
List the prime factors of 85642.
2, 42821
What are the prime factors of 8155?
5, 7, 233
What are the prime factors of 3726?
2, 3, 23
List the prime factors of 22442.
2, 7, 229
What are the prime factors of 1854?
2, 3, 103
What are the prime factors of 33561?
3, 11, 113
What are the prime factors of 1174?
2, 587
What are the prime factors of 1298?
2, 11, 59
List the prime factors of 26916.
2, 3, 2243
List the prime factors of 4019.
4019
List the prime factors of 44571.
3, 83, 179
List the prime factors of 1270.
2, 5, 127
List the prime factors of 3656.
2, 457
List the prime factors of 5409.
3, 601
What are the prime factors of 2512?
2, 157
What are the prime factors of 23338?
2, 7, 1667
List the prime factors of 325.
5, 13
List the prime factors of 27922.
2, 23, 607
What are the prime factors of 36956?
2, 9239
What are the prime factors of 1864?
2, 233
List the prime factors of 46140.
2, 3, 5, 769
List the prime factors of 1972.
2, 17, 29
What are the prime factors of 6139?
7, 877
What are the prime factors of 7192?
2, 29, 31
List the prime factors of 6939.
3, 257
List the prime factors of 192021.
3, 64007
What are the prime factors of 92312?
2, 11, 1049
List the prime factors of 747.
3, 83
What are the prime factors of 1370?
2, 5, 137
What are the prime factors of 1725?
3, 5, 23
List the prime factors of 8709.
3, 2903
List the prime factors of 2257.
37, 61
What are the prime factors of 4150?
2, 5, 83
List the prime factors of 3779.
3779
What are the prime factors of 117813?
3, 173, 227
List the prime factors of 490.
2, 5, 7
List the prime factors of 15500.
2, 5, 31
List the prime factors of 1746.
2, 3, 97
List the prime factors of 3920.
2, 5, 7
List the prime factors of 2932.
2, 733
What are the prime factors of 29685?
3, 5, 1979
What are the prime factors of 526?
2, 263
What are the prime factors of 9324?
2, 3, 7, 37
List the prime factors of 1433.
1433
List the prime factors of 120843.
3, 29, 463
List the prime factors of 9526.
2, 11, 433
List the prime factors of 3111.
3, 17, 61
List the prime factors of 13083.
3, 7, 89
List the prime factors of 8941.
8941
What are the prime factors of 36622?
2, 18311
What are the prime factors of 487?
487
What are the prime factors of 25926?
2, 3, 29, 149
What are the prime factors of 9076?
2, 2269
What are the prime factors of 1934?
2, 967
List the prime factors of 5970.
2, 3, 5, 199
What are the prime factors of 1333?
31, 43
What are the prime factors of 658?
2, 7, 47
What are the prime factors of 10706?
2, 53, 101
What are the prime factors of 1208?
2, 151
What are the prime factors of 15771?
3, 7, 751
List the prime factors of 16379.
11, 1489
What are the prime factors of 4828?
2, 17, 71
What are the prime factors of 81754?
2, 41, 997
What are the prime factors of 1037?
17, 61
What are the prime factors of 1386?
2, 3, 7, 11
What are the prime factors of 12545?
5, 13, 193
List the prime factors of 14732.
2, 29, 127
What are the prime factors of 52656?
2, 3, 1097
What are the prime factors of 4984?
2, 7, 89
What are the prime factors of 31113?
3, 3457
What are the prime factors of 202?
2, 101
List the prime factors of 3250.
2, 5, 13
What are the prime factors of 8162?
2, 7, 11, 53
What are the prime factors of 5764?
2, 11, 131
What are the prime factors of 50103?
3, 19, 293
What are the prime factors of 15569?
15569
What are the prime factors of 78746?
2, 39373
List the prime factors of 22224.
2, 3, 463
What are the prime factors of 2522?
2, 13, 97
Wh